e highest common divisor of 25400 and 200?
200
What is the highest common factor of 77 and 28?
7
Calculate the highest common factor of 21 and 147.
21
Calculate the greatest common factor of 200 and 24.
8
What is the highest common factor of 36 and 66?
6
Calculate the greatest common factor of 58 and 1943.
29
What is the greatest common divisor of 147 and 1813?
49
Calculate the highest common factor of 1072 and 67.
67
Calculate the highest common divisor of 122 and 10126.
122
Calculate the highest common factor of 15 and 48.
3
What is the greatest common divisor of 72 and 1314?
18
Calculate the greatest common factor of 2996 and 36.
4
Calculate the greatest common divisor of 3507 and 756.
21
Calculate the greatest common factor of 130 and 2964.
26
What is the highest common divisor of 3180 and 60?
60
Calculate the greatest common divisor of 9254 and 84.
14
What is the highest common factor of 637 and 2842?
49
Calculate the greatest common divisor of 6283 and 61.
61
What is the highest common factor of 36395 and 145?
145
What is the greatest common divisor of 354 and 30?
6
What is the greatest common factor of 584 and 438?
146
Calculate the highest common factor of 966 and 168.
42
Calculate the highest common divisor of 225 and 105.
15
What is the greatest common divisor of 60 and 1110?
30
Calculate the highest common factor of 5 and 6.
1
Calculate the greatest common factor of 3900 and 480.
60
Calculate the highest common factor of 81 and 1899.
9
What is the highest common factor of 198 and 132?
66
What is the greatest common factor of 2718 and 18?
18
Calculate the greatest common divisor of 336 and 1456.
112
Calculate the highest common divisor of 410 and 697.
41
What is the greatest common factor of 1 and 16?
1
What is the greatest common divisor of 93 and 93?
93
What is the greatest common divisor of 26 and 1118?
26
Calculate the greatest common divisor of 56 and 2744.
56
What is the greatest common divisor of 1188 and 32472?
396
What is the highest common divisor of 2565 and 2280?
285
Calculate the greatest common divisor of 207 and 63.
9
What is the greatest common divisor of 237 and 79?
79
Calculate the highest common divisor of 12 and 108.
12
What is the greatest common divisor of 261 and 540?
9
Calculate the highest common divisor of 19 and 437.
19
What is the greatest common divisor of 3770 and 522?
58
Calculate the highest common divisor of 3 and 768.
3
What is the greatest common factor of 1966 and 2?
2
Calculate the highest common divisor of 234 and 12.
6
Calculate the greatest common divisor of 32 and 14.
2
Calculate the greatest common divisor of 16 and 872.
8
What is the highest common divisor of 30 and 132?
6
Calculate the greatest common factor of 7783 and 43.
43
Calculate the greatest common factor of 192 and 64.
64
What is the highest common divisor of 93 and 217?
31
What is the greatest common factor of 13 and 520?
13
What is the greatest common factor of 28 and 2884?
28
Calculate the highest common factor of 6617 and 52.
13
Calculate the highest common divisor of 407 and 999.
37
What is the highest common divisor of 88 and 4?
4
What is the highest common divisor of 44 and 3487?
11
What is the greatest common divisor of 12 and 84?
12
What is the greatest common divisor of 6 and 24?
6
Calculate the highest common divisor of 44859 and 57.
57
What is the greatest common divisor of 28 and 24?
4
Calculate the highest common factor of 18 and 99576.
18
What is the highest common factor of 6 and 474?
6
Calculate the highest common divisor of 48 and 162.
6
Calculate the highest common divisor of 1449 and 27.
9
Calculate the highest common factor of 360 and 480.
120
What is the highest common divisor of 32 and 35120?
16
Calculate the highest common factor of 57 and 2356.
19
Calculate the greatest common factor of 146 and 4672.
146
Calculate the highest common divisor of 208 and 286.
26
What is the greatest common factor of 236 and 295?
59
Calculate the highest common factor of 27 and 27.
27
What is the highest common factor of 180 and 48?
12
What is the greatest common factor of 48 and 1506?
6
What is the highest common divisor of 4794 and 136?
34
Calculate the highest common divisor of 186 and 102.
6
What is the highest common divisor of 580 and 80?
20
Calculate the greatest common divisor of 3 and 27.
3
Calculate the greatest common divisor of 3872 and 72.
8
What is the highest common divisor of 8 and 89?
1
Calculate the greatest common factor of 550 and 600.
50
What is the greatest common factor of 116 and 870?
58
What is the greatest common divisor of 600 and 180?
60
What is the highest common divisor of 45 and 27?
9
What is the greatest common factor of 43 and 2?
1
Calculate the highest common divisor of 5516 and 84.
28
What is the highest common divisor of 5200 and 40?
40
Calculate the greatest common divisor of 22 and 2915.
11
Calculate the greatest common factor of 5 and 1151.
1
What is the highest common divisor of 4797 and 117?
117
Calculate the greatest common factor of 29978 and 52.
26
Calculate the highest common factor of 854 and 28.
14
Calculate the greatest common divisor of 2868 and 192.
12
What is the highest common divisor of 156 and 60?
12
What is the highest common divisor of 55 and 11?
11
Calculate the highest common factor of 209 and 19.
19
Calculate the highest common divisor of 187 and 68.
17
What is the greatest common factor of 20 and 210?
10
What is the highest common factor of 252 and 1332?
36
Calculate the greatest common factor of 8 and 40.
8
Calculate the highest common divisor of 38 and 226.
2
Calculate the greatest common factor of 6736 and 32.
16
What is the highest common divisor of 42 and 4326?
42
Calculate the highest common divisor of 9101 and 19.
19
What is the highest common factor of 801 and 979?
89
Calculate the greatest common divisor of 94 and 1504.
94
Calculate the highest common divisor of 736 and 46.
46
Calculate the greatest common divisor of 39 and 135.
3
What is the greatest common divisor of 351 and 216?
27
What is the highest common factor of 1110 and 30?
30
Calculate the highest common factor of 104 and 10374.
26
Calculate the greatest common divisor of 7003 and 141.
47
What is the greatest common factor of 107 and 3745?
107
What is the highest common factor of 238 and 102?
34
What is the greatest common divisor of 1458 and 6?
6
Calculate the highest common divisor of 5 and 455.
5
What is the greatest common divisor of 3750 and 6?
6
What is the highest common factor of 68 and 119?
17
Calculate the greatest common divisor of 68 and 28.
4
Calculate the highest common factor of 410 and 2.
2
Calculate the greatest common divisor of 1350 and 50.
50
What is the greatest common factor of 154 and 126?
14
Calculate the highest common factor of 6 and 402.
6
Calculate the greatest common factor of 34 and 16.
2
What is the greatest common factor of 156 and 24?
12
Calculate the highest common divisor of 4998 and 204.
102
What is the highest common factor of 170 and 10?
10
Calculate the greatest common factor of 51 and 527.
17
What is the highest common factor of 21 and 490?
7
Calculate the greatest common factor of 91 and 301.
7
What is the greatest common divisor of 1280 and 760?
40
Calculate the greatest common factor of 448 and 2912.
224
What is the greatest common divisor of 5124 and 231?
21
What is the highest common divisor of 318 and 1166?
106
What is the greatest common divisor of 1746 and 144?
18
What is the greatest common divisor of 640 and 25?
5
Calculate the highest common factor of 283 and 1.
1
Calculate the highest common divisor of 8 and 3176.
8
What is the greatest common divisor of 32 and 10?
2
Calculate the greatest common divisor of 2250 and 585.
45
What is the highest common factor of 754 and 286?
26
What is the greatest common divisor of 104 and 2509?
13
Calculate the greatest common divisor of 1701 and 162.
81
Calculate the highest common factor of 522 and 18.
18
Calculate the highest common divisor of 608 and 352.
32
Calculate the greatest common divisor of 11899 and 489.
163
Calculate the greatest common factor of 816 and 2.
2
What is the highest common divisor of 11 and 44?
11
Calculate the greatest common factor of 34 and 153.
17
Calculate the highest common fac